he highest common factor of 12 and 1692?
12
Calculate the highest common divisor of 1668 and 12.
12
What is the highest common divisor of 2560 and 680?
40
What is the highest common divisor of 175 and 217?
7
Calculate the greatest common factor of 475 and 114.
19
Calculate the greatest common factor of 45 and 360.
45
What is the greatest common divisor of 2592 and 2400?
96
What is the greatest common divisor of 1980 and 44?
44
Calculate the greatest common factor of 294 and 70.
14
What is the highest common divisor of 44 and 275?
11
What is the highest common divisor of 3 and 489?
3
Calculate the highest common factor of 222 and 296.
74
Calculate the highest common factor of 16 and 112.
16
What is the highest common factor of 24 and 128?
8
Calculate the highest common factor of 1242 and 216.
54
Calculate the highest common divisor of 858 and 198.
66
Calculate the highest common divisor of 114 and 138738.
114
Calculate the highest common factor of 140 and 28.
28
What is the greatest common divisor of 18 and 2133?
9
What is the highest common factor of 24776 and 57?
19
Calculate the greatest common factor of 279 and 775.
31
What is the greatest common factor of 75067 and 277?
277
What is the highest common divisor of 1639 and 11?
11
Calculate the greatest common factor of 172 and 4.
4
What is the highest common factor of 16 and 116?
4
Calculate the highest common factor of 483 and 207.
69
Calculate the greatest common divisor of 63 and 70.
7
Calculate the highest common divisor of 2695 and 275.
55
Calculate the greatest common factor of 616 and 10.
2
Calculate the highest common factor of 18924 and 228.
228
Calculate the greatest common factor of 448 and 56.
56
Calculate the highest common factor of 24285 and 15.
15
What is the highest common divisor of 1088 and 102?
34
Calculate the highest common divisor of 2117 and 146.
73
What is the highest common divisor of 2191 and 2817?
313
What is the highest common factor of 128 and 6848?
64
What is the highest common factor of 84 and 420?
84
Calculate the highest common divisor of 14 and 721.
7
What is the highest common divisor of 14100 and 25?
25
Calculate the greatest common factor of 66 and 2508.
66
What is the highest common divisor of 84 and 868?
28
Calculate the highest common factor of 41 and 1763.
41
What is the highest common factor of 46 and 1380?
46
Calculate the greatest common factor of 24 and 54.
6
What is the highest common divisor of 28 and 217?
7
Calculate the highest common factor of 7380 and 27.
9
Calculate the highest common factor of 112 and 7.
7
What is the highest common divisor of 517 and 47?
47
Calculate the greatest common factor of 8 and 88.
8
Calculate the highest common factor of 289 and 4352.
17
What is the highest common factor of 71470 and 70?
70
Calculate the highest common factor of 33 and 352.
11
What is the highest common factor of 6579 and 86?
43
Calculate the greatest common factor of 36 and 4.
4
What is the highest common factor of 153 and 585?
9
What is the greatest common factor of 1557 and 9?
9
What is the highest common divisor of 336 and 48?
48
Calculate the highest common factor of 3600 and 32.
16
What is the highest common divisor of 238 and 42?
14
What is the highest common divisor of 3008 and 47?
47
What is the greatest common divisor of 2421 and 9?
9
Calculate the highest common divisor of 22 and 638.
22
What is the highest common divisor of 45 and 549?
9
Calculate the highest common divisor of 3 and 1.
1
What is the greatest common divisor of 135 and 4245?
15
Calculate the greatest common factor of 27 and 5157.
27
Calculate the greatest common divisor of 143 and 22.
11
What is the greatest common factor of 92 and 8257?
23
Calculate the highest common factor of 12 and 10884.
12
Calculate the greatest common divisor of 342 and 855.
171
What is the greatest common divisor of 24 and 256?
8
What is the highest common factor of 1292 and 266?
38
What is the highest common divisor of 104 and 56?
8
Calculate the greatest common divisor of 231 and 44.
11
What is the highest common factor of 16 and 432?
16
Calculate the greatest common divisor of 10434 and 423.
141
Calculate the greatest common factor of 72 and 6744.
24
Calculate the greatest common divisor of 58 and 184.
2
What is the highest common factor of 3 and 90?
3
What is the highest common factor of 570 and 30?
30
Calculate the greatest common divisor of 115 and 10603.
23
What is the greatest common divisor of 591 and 15?
3
Calculate the greatest common factor of 1539 and 14193.
171
Calculate the greatest common factor of 215 and 9073.
43
Calculate the highest common factor of 108 and 25002.
54
What is the greatest common factor of 6 and 48?
6
What is the greatest common factor of 42 and 112?
14
What is the greatest common factor of 3777 and 3?
3
Calculate the greatest common factor of 348 and 12.
12
Calculate the greatest common divisor of 36 and 180.
36
Calculate the greatest common divisor of 39 and 403.
13
What is the greatest common factor of 136 and 4148?
68
What is the greatest common factor of 666 and 18?
18
What is the highest common divisor of 186 and 93?
93
What is the greatest common factor of 114 and 60?
6
Calculate the highest common divisor of 110 and 20.
10
Calculate the highest common factor of 25058 and 22.
22
Calculate the highest common factor of 3199 and 7.
7
What is the greatest common factor of 38 and 266?
38
Calculate the greatest common factor of 6 and 1486.
2
Calculate the highest common divisor of 110 and 25498.
22
Calculate the highest common factor of 657 and 73.
73
What is the greatest common factor of 1485 and 675?
135
What is the highest common divisor of 14 and 1834?
14
Calculate the highest common divisor of 290 and 40.
10
Calculate the highest common factor of 34846 and 14.
14
What is the highest common divisor of 1165 and 35?
5
Calculate the highest common divisor of 135 and 855.
45
What is the greatest common factor of 201 and 81?
3
What is the highest common factor of 20 and 52?
4
Calculate the highest common factor of 36 and 108.
36
Calculate the greatest common factor of 205 and 41.
41
What is the highest common divisor of 243 and 117?
9
What is the greatest common factor of 10 and 1212?
2
What is the highest common divisor of 215 and 10?
5
What is the greatest common factor of 34189 and 382?
191
What is the greatest common factor of 30 and 170?
10
What is the highest common divisor of 168 and 392?
56
Calculate the highest common divisor of 12 and 36168.
12
What is the highest common divisor of 9 and 191?
1
What is the greatest common divisor of 128 and 48?
16
Calculate the greatest common factor of 2412 and 12.
12
What is the highest common divisor of 24 and 4?
4
Calculate the greatest common divisor of 42 and 1533.
21
Calculate the highest common divisor of 60 and 12.
12
Calculate the highest common factor of 120 and 15420.
60
Calculate the highest common divisor of 18297 and 171.
171
What is the highest common divisor of 8 and 436?
4
What is the highest common divisor of 288 and 128?
32
What is the greatest common divisor of 105 and 7?
7
Calculate the greatest common divisor of 156 and 182.
26
Calculate the highest common factor of 15064 and 56.
56
What is the greatest common factor of 168 and 301?
7
Calculate the highest common factor of 23000 and 50.
50
Calculate the greatest common factor of 2418 and 156.
78
Calculate the highest common factor of 425 and 340.
85
What is the highest common divisor of 130 and 208?
26
What is the highest common divisor of 2850 and 75?
75
Calculate the greatest common factor of 327 and 872.
109
What is the greatest common factor of 15 and 60?
15
What is the greatest common factor of 475 and 19?
19
Calculate the greatest common factor of 45 and 45.
45
What is the greatest common factor of 1073 and 185?
37
What is the highest common divisor of 187 and 99?
11
Calculate the highest common factor of 10375 and 166.
83
Calculate the highest common factor of 205 and 287.
41
What is the highest common factor of 208 and 1924?
52
Calculate the highest common factor of 28 and 33712.
28
What is the greatest common divisor of 9 and 1125?
9
What is the highest common divisor of 78 and 54?
6
What is the highest common factor of 30 and 1335